) = 3038*s - 9 - 3043*s - 84. Let b be r(-18). What is j(b)?
-1
Suppose 0*f + 17*f = -34. Let a be 0 - 6 - (f - 6 - -10). Let s(w) = -2 + 0 - 2 + w - 6. Determine s(a).
-18
Let c(z) = -z**2 + 8*z + 9. Let f(q) = -q**3 + 19*q**2 - 33*q + 32. Let s be f(17). Suppose 3*o = 5*k - s, 4*k + 6*o - 3*o - 23 = 0. Give c(k).
9
Let h(g) = 38*g + 53. Let u be h(-1). Suppose 2*r - 14 = 2*m, -5*r = 4*m + u - 14. Let k(v) = v**3 + 5*v**2 - 2*v + 4. Determine k(m).
28
Let p = 13941 + -13942. Let b(y) = 21*y - 7. Calculate b(p).
-28
Suppose -12 = -4*b + 4*t, 10*t - 6*t = 5*b - 14. Let u(o) = -103 + 4*o + 52 - 3*o**b + 2*o**2 + 48. Give u(2).
1
Let j be -1 + -5 + (-38)/(-19). Let m(r) = r**3 + 2 - 3 + 0 - 2 + 4*r + 5*r**2. Give m(j).
-3
Let d(r) = r**2 + 27*r - 1707. Let u be d(30). Let b(c) = -4*c**2 - 9*c + 7. What is b(u)?
-56
Let r = -1272 - -1262. Let p(k) = k**2 + 8*k - 13. Determine p(r).
7
Suppose -2*n + 181 = -37*n - 99. Let j(q) = -q**2 - 12*q - 35. What is j(n)?
-3
Suppose -6*j - 1 = 11. Let g(z) = 112*z**2 + 107*z**2 - z + 2*z**3 - 217*z**2. What is g(j)?
-6
Let z(v) = -11*v + 30. Let q be z(3). Let c be (-15)/((-4)/4)*(-1)/q. Let j(h) = -h**2 + 2*h + 11. What is j(c)?
-4
Let g(t) = t**2 + 51*t - 122. Let i be g(-54). Suppose -i = -b - 36. Let p(v) be the third derivative of v**5/60 - v**4/12 + v**3/3 - v**2. What is p(b)?
10
Let j(c) = -c**2 - c - 2. Let a(z) = -10*z + 130. Let h be 15 + 3*8/(-36)*3. Let s be a(h). Calculate j(s).
-2
Suppose 0*i + 25 = -5*i. Let u(t) = -42689*t - 5 - 42694*t - t**2 + 85377*t. Give u(i).
0
Suppose -3*t - 27 = -33. Let l be -3*(-2)/(-3) - t. Let a(f) be the second derivative of -f**4/12 - f**3 - 3*f**2 - 2*f. What is a(l)?
2
Suppose 0 = 3*u - 0*u - 72. Suppose 2*m + 2*f - u = -2*f, -3*f - 4 = -4*m. Let d(h) = -1 + 9*h + 9*h - 16*h - 2. Calculate d(m).
5
Let x(f) = -f**3 + 3*f**2 - 1. Suppose -2*d - 10 = -4*d. Suppose -2*k + 30 = d*n - 6*k, -10 = 2*k. What is x(n)?
3
Let w(s) = 28*s - 93. Let l(d) = 62*d - 196. Let o(x) = -4*l(x) + 9*w(x). What is o(9)?
-17
Let c(p) be the second derivative of -p**4/6 + p**3/3 + p. Let a be (-3)/3 + 3 - (-63 - -101). Let w be (-18)/a - (-1 - 7/(-2)). Give c(w).
-12
Let k(o) = o**3 + 10*o**2 + 9*o - 12. Let a be k(-9). Let h = a + 18. Let x(w) = -55*w**2 + 7 + 8*w - 4*w + 54*w**2. Determine x(h).
-5
Let u(t) be the first derivative of -1/2*t**2 + 9*t + 175. What is u(13)?
-4
Let q = -29 + 50. Let y(d) = -q*d + 8*d - 3 + 10*d. Let n(r) = 2*r + 2. Let l(c) = -5*n(c) - 3*y(c). Calculate l(-2).
1
Suppose 4*c + 4 = -0*c. Let k(m) = -4*m**2 + 27*m - 6. Let x be k(6). Let o(j) = 4 + 2*j + 0*j**2 - x*j**2 - 3. Determine o(c).
-13
Let h(v) = 9910330*v + v**2 + 0*v**2 - 9910325*v - 90. Determine h(-12).
-6
Suppose 0 = -4*k - 2*b + 14, -3*k = -2*b - 77 + 70. Let q(m) = -1 - m**2 - 5 + 5 - k - m - 5*m. Let u = -8 + 4. What is q(u)?
4
Let s(m) = -m**3 + 5*m**2 + 6*m + 4. Suppose v = -a - 46 + 122, 2*v - 137 = -5*a. Suppose -4*f = 3*w - 245, 3*w - 2*f = 207 + 62. Let t = w - v. Determine s(t).
4
Let z(o) be the third derivative of -o**6/120 + 3*o**5/20 + o**4/6 - o**3/2 - 22*o**2 - 5. Give z(9).
33
Let s be ((-1)/(-9))/((-276)/4968). Let t(n) = -19*n - 17. Calculate t(s).
21
Let r(v) = 23 - 10*v + 21660*v**2 - 10853*v**2 - 10808*v**2. Determine r(-9).
32
Suppose -2*g + 3*g = -2*l + 17, -31 = -2*l - 3*g. Let a be 3/9 - 2/6. Let c(b) = a*b**3 - 5*b**2 - 6 + b**3 + 4 - 2*b. Give c(l).
-12
Suppose i + 5*u - 68 = 17, 0 = 3*i + 5*u - 295. Let j = i - 103. Let d(z) = -3*z**2 + 2*z - 1. Calculate d(j).
-9
Let y(n) = -2*n**2 - 3 + 845*n + 3*n**2 + 848*n - 1692*n + n**2. Let s = 0 + 3. Determine y(s).
18
Let v(d) = d**2 + 22*d + 38. Let z be (19/(-76))/((-1)/2)*112/(-14). Determine v(z).
-34
Let n(k) = k**2 - 15*k - 11. Let x be n(16). Suppose -w + x*w - 436 = -4*z, -12 = -4*w. Let m = z + -102. Let t(l) = -3*l + 3. Determine t(m).
-9
Let w(m) = -m**3 + 10*m**2 - 9*m + 10. Let y be ((-2)/(-10))/(-3 + (-84)/(-30)). Let z be (-2)/3 - (942/(-9) + y). Let o = z - 96. Determine w(o).
10
Let l(k) = -60*k - 726. Let v be l(-12). Let c(u) = u**2 + 13*u - 6. Calculate c(v).
-48
Let a(h) = -h**3 + 20*h - 314200*h**2 + 157102*h**2 + 7 + 157101*h**2. Calculate a(-3).
1
Let n = -554 + 572. Let d(y) = 12*y + 6*y + 2*y**3 - y - 12 + n*y**2 - y**3. Give d(-17).
-12
Let v = -7 + 9. Suppose -v*p + 4*g = 20, -4*p - 16 = -3*p - 4*g. Let f(o) be the first derivative of -o**2/2 - 2*o + 31. Determine f(p).
2
Let w(r) = r - 9 - 13 + 9. Let s = -406435 - -406447. Determine w(s).
-1
Let q = -666 - -663. Let o(h) = -h**2 + h + 5. What is o(q)?
-7
Let r(l) = l**3 + 7*l**2 - 33*l - 27. Let s be r(-10). Let v(m) = 28883*m**2 - 11 - 28891*m**2 + m**3 + 8*m - s*m**3 + m**3. Determine v(-9).
-2
Let a(o) = 117*o**2 - 3*o + 13. Let n(r) = 146*r**2 - 2*r + 14. Let g(t) = -5*a(t) + 4*n(t). What is g(7)?
-9
Let g = -123 - -146. Suppose -8*u = -g*u + 135. Let v be ((-2)/u)/(20/(-30))*27. Let n(m) = -m**2 + 11*m - 8. Determine n(v).
10
Let h(b) be the third derivative of -2*b**4/3 - 5*b**3/3 - 316*b**2 - 1. Give h(3).
-58
Let i(b) = 3*b**2 - 609*b**3 - 22 - b**2 + 286*b**3 + 14*b + 322*b**3. Give i(5).
-27
Suppose 297 - 255 = -5*q - 4*p, 4*p + 36 = -4*q. Let c(u) = 9*u + 60. What is c(q)?
6
Let z(f) be the first derivative of -f**5/20 + 2*f**4/3 + f**3/3 - 11*f**2/2 + 56*f - 18. Let h(g) be the first derivative of z(g). What is h(8)?
5
Let x(u) = 4*u**2 + 8*u - 6. Let q(z) = -7*z**2 - 16*z + 13. Let c be (-30)/4*(-7)/(21/2). Let p(j) = c*x(j) + 3*q(j). What is p(-8)?
9
Let c(y) = -y**2 + y - 1. Let j(a) = 2*a**2 - a + 2. Let k(o) = c(o) + j(o). Let u = -19 - -17. What is k(u)?
5
Let x(i) = 2*i - 2. Suppose -2*v = -64 - 38. Let b = v - 55. Let t be (30 - 21)/(-1 + (-10)/b). Give x(t).
10
Let a(t) = -55*t**2 - 208*t + 13. Let x(b) = 14*b**2 + 50*b - 3. Let z(k) = 6*a(k) + 25*x(k). What is z(-1)?
21
Let d(f) = -201 - 204 + 396 - 4*f**3 + 2*f**2 - 2*f + 5*f**3 - 7*f. Determine d(-4).
-5
Let s(i) = i**3 - 6*i**2 + 3*i + 6. Let l be (((-24)/6)/(-8))/(2/188). Suppose -l*c = -40*c - 35. Calculate s(c).
-4
Let i(l) = 8*l**3 - l**2 - 2*l - 2. Let h(c) = 39*c**3 - 22*c**2 - 31*c - 24. Let v(g) = -h(g) + 5*i(g). Give v(-16).
-66
Suppose -s = 2*s - 141. Let t(g) = -2*g**3 - 46 - 6*g**3 - g**2 + s. Let k be (-5)/(-4) + (0 - (-4)/(-16)). Calculate t(k).
-8
Let t(q) = -2*q - 26. Let s be ((-105)/(-10) - -1)/((-6)/12). Determine t(s).
20
Let o(z) = 4. Let n(q) = -q + 3. Suppose 0 = -6*r - 13 - 5. Let b(l) = r*n(l) + 2*o(l). Give b(6).
17
Let v(y) = -y**3 + 11*y**2 - 11*y + 5. Suppose -2 - 3 = 5*u, 3*r + 5*u = 160. Let x = r - 45. Give v(x).
-5
Let x(j) = -4*j**3 - 2*j**2 + 1. Suppose 22*v + 3 = 25*v. Let i be 6/(-12)*8*v/(-4). What is x(i)?
-5
Suppose 0 = -3*x + 3 + 3. Suppose x*z = -4*z. Suppose -8*i - 2*i + 90 = z. Let k(o) = o - 8. Determine k(i).
1
Let q(d) = -d**2 - 51*d - 312. Let f be q(-7). Let r(m) = -31*m - 97. Determine r(f).
27
Let r be (7 + -7)/(1/(-1)). Suppose -5*y + 10 = -r*y. Let w(f) = y + 0 - 2 + 2*f. What is w(-1)?
-2
Suppose 3*m - 2*m = 0. Let d(o) = -o**3 + o**2 + o - 3 - 3 + 2. Determine d(m).
-4
Let q(w) = -1 + 18*w**2 + w**3 - 8*w - 6*w + 30*w - 35*w**2 + w**2. Suppose 0 = 3*l - n + 5*n - 61, -l + 2*n + 7 = 0. What is q(l)?
14
Let k(y) = 22*y**3 - 5*y**2 + 8*y + 2. Let l(g) = -23*g**3 + 7*g**2 - 10*g - 2. Let q(c) = 4*k(c) + 3*l(c). Calculate q(-1).
-18
Let l(f) = -676 + 0*f + 3*f + f**3 + 680. Calculate l(-2).
-10
Suppose -168*a + 35 = -82*a - 81*a. Let m(f) be the first derivative of 4*f**2 + 2 + 2*f**3 - 1/4*f**4 + 0*f. Determine m(a).
7
Suppose -4*h - 5*r = 30, 3*h + 14*r = 11*r - 21. Let m(f) = 2*f - 13 + 9 - 5*f. Calculate m(h).
11
Let j(d) = 3*d**2 - 12*d + 3 + 0 - 5*d**2 - 29*d**3 - 11*d**2 + 30*d**3. Calculate j(14).
31
Suppose 30 = 4*a - 4*f + 6*f, -4*a + 3*f + 5 = 0. Suppose -2*z - z = 0, -z + 30 = -a*t. Let q(u) = 2*u**2 + 8*u + 3. What is q(t)?
27
Let z(i) be the second derivative of -5*i**4/6 + 170*i**3/3 + 9*i**2/2 - 181*i + 16. Calculate z(34).
9
Let w = -52 - -71. Suppose -7 = 2*f - w. Let p(h) = -3 + h**2 - h + 0*h**2 + 0 + f*h. Give p(-6).
3
Let x(g) = -62 - 1957*g + 658*g + 655*g + 650*g. Give x(10).
-2
Let i(w) = -w. Let d(m) = -7*m + 2*m - 6 + 3*m. Let t(j) = d(j) - 4*i(j). Let x = 2269 - 2265. Determine t(x).
2
L